ose 18*c + 1175 = 3929. Calculate the greatest common divisor of 17 and c.
17
Suppose z - 13 = -5*v + 1, -5*v = -5*z - 20. Suppose -v*b + 10 + 14 = 0. Calculate the greatest common factor of b and 8.
8
Let v(x) = x**2 - 14*x + 17. Let m be v(13). Suppose 0 = -m*a + 189 + 171. Calculate the highest common factor of a and 36.
18
Suppose 0 = -0*x - 2*x - 3*a + 4, -x - 2*a = -2. Suppose -2*j - x*r = -88, 2*j - 84 + 2 = r. What is the highest common factor of 105 and j?
21
Let z = -21 + 57. Let d = 0 + z. What is the greatest common factor of 24 and d?
12
Let s = -28 + 22. Let w be (-45)/(-51) + s/(-51). Calculate the greatest common factor of w and 8.
1
Let u be ((-384)/(-15))/(11 + (-3064)/280). What is the greatest common divisor of u and 7?
7
Let o be (-1 - -32) + (-20 - -13). Calculate the highest common factor of o and 78.
6
Suppose 33 = -5*b - 7. Let c be (2 + -6)*2/b. Let f be -1*(3 - 12/c). What is the greatest common factor of f and 3?
3
Let b be 55 - 0/(9 + -7). What is the highest common divisor of b and 55?
55
Suppose -17*a = -6093 + 5430. Suppose 0 = -5*v + 3 + 12. Calculate the highest common factor of v and a.
3
Let h be (-27)/(-1 + 2 + (-85)/70). Let o = 326 + -298. Calculate the highest common factor of o and h.
14
Let x(j) = 6*j**2 - 4*j + 8. Suppose 6*k = 5*k + 4. Let h be x(k). Calculate the greatest common factor of h and 22.
22
Let k = 89 + -81. Suppose 0 = -4*q + k*q - 12. What is the greatest common factor of q and 21?
3
Suppose 0 = -5*r + 3*z - 2 + 8, z - 3 = 0. Let k(t) = -t**2 + 17*t - 15. Let b be k(14). What is the greatest common divisor of b and r?
3
Let c(s) = 4*s - 1. Let p(a) = a**2 - 9*a. Let u be p(9). Suppose u = -4*d + 10 + 14. Let t be c(d). What is the greatest common divisor of 23 and t?
23
Let d = -4 + 5. Let v(o) = 11*o**3 + o. Let h be v(d). Suppose -j = 3*j - h. What is the highest common divisor of 33 and j?
3
Suppose 0*r + 12*r = 864. Calculate the greatest common factor of r and 8.
8
Let g = -1 + 1. Suppose f - 3*n + 5 = g, n - 4*n + 17 = 2*f. Suppose -45 = -s - f*s. Calculate the highest common factor of s and 9.
9
Suppose -17*r + 168 = -19. What is the highest common divisor of r and 7?
1
Suppose 7*m - 5 = 16. Calculate the highest common factor of m and 27.
3
Suppose 6 = 4*m - 30. Let i = 4097 - 4094. What is the highest common divisor of i and m?
3
Let d(o) = o**2 - o - 39. Let x be d(0). Let b be 1/((-3)/(x*1)). Let g be 1/4 + 415/4. What is the highest common factor of b and g?
13
Let k be (-110)/(-7) - 8/(-28). Let z(p) = -27*p - 94. Let d be z(-10). Calculate the highest common factor of k and d.
16
Let j be (-9)/6 - 365/(-10). Let t = j + -28. Calculate the highest common divisor of 49 and t.
7
Let r be (2/(-6))/(2/(-222)*1). Let l = 180 - r. Calculate the greatest common divisor of 13 and l.
13
Let k(s) = -3*s - 21. Let t be k(-22). What is the highest common factor of 180 and t?
45
Let r be 566/6 - (-4)/6. Suppose -2*l + 2*s + 3*s = -48, 0 = 3*l + 4*s - r. What is the highest common divisor of 116 and l?
29
Let s = 10 + 224. Let m be s/12 - 1/(-2). Suppose -4*i = i - 25. Calculate the greatest common divisor of m and i.
5
Suppose 3*h - q - 10 = 0, -4*q + 38 = 4*h - 2. Suppose 308 = -2*t + 3*t + 4*z, 0 = -h*t - 2*z + 1486. Calculate the greatest common divisor of 37 and t.
37
Suppose -3*t + 77 + 280 = 0. What is the highest common divisor of t and 63?
7
Let p be ((-27)/6)/(-9)*(3 - 1). Let y be (-3)/(p/(-208)*3). What is the highest common divisor of 13 and y?
13
Let s(u) = 3*u**2 - u. Let j be s(3). Suppose 0 = 2*r - 6*r - j. Let q(p) = -p**2 - 8*p + 6. Let i be q(r). What is the greatest common divisor of 45 and i?
9
Let k(d) = -d**3 - 18*d**2 + 45*d + 1. Let g be k(-20). Let h be (-32)/(-3) - (g/(-27) + -3). What is the greatest common divisor of h and 90?
10
Let n(x) = -3*x**2 + 4. Let b be n(-6). Let s = -60 - b. Let f(m) = m**3 + 18*m**2 - 10*m + 182. Let o be f(-19). What is the highest common divisor of o and s?
11
Let f(d) = 13*d + 24. Let p be f(3). Calculate the highest common divisor of 35 and p.
7
Let i(j) be the first derivative of j**4/4 + 22*j**3/3 + 2*j**2 + 48*j + 21. Let o be i(-21). Calculate the greatest common divisor of 45 and o.
45
Let w = -362 - -373. What is the highest common divisor of w and 2?
1
Let w = 1659 - 1652. What is the greatest common factor of w and 931?
7
Let f(s) = -2*s - 4. Let p be f(-4). Suppose 0*o + 118 = 2*o. Suppose w = -5*g + o + 125, 0 = 2*g + 5*w - 92. What is the highest common factor of p and g?
4
Let s(w) = 84*w**2 - w - 8. Let v be s(-2). Calculate the greatest common factor of 33 and v.
33
Let h = 25 - -13. What is the highest common divisor of 152 and h?
38
Suppose 73 = l - 2*u + 4*u, u + 247 = 4*l. What is the greatest common divisor of l and 84?
21
Suppose 4*s - 119 - 187 = 3*o, 0 = -2*o + 4*s - 200. Let w = 39 - o. Calculate the greatest common divisor of 29 and w.
29
Let u be ((-68)/(-10))/((-6)/120*-4). Suppose u*a - 100 = 33*a. Calculate the greatest common factor of 25 and a.
25
Let f = -22 - -286. What is the greatest common divisor of f and 66?
66
Let l = -320 - -344. Let r be 39 - 2 - (2 - 1). What is the highest common divisor of r and l?
12
Suppose -33*i + 29*i = -7276. What is the greatest common factor of 17 and i?
17
Suppose 6 = -2*i, 6 = 2*t - 2*i - 4. Suppose 4*s + 13 = t*n - 3, -6 = 3*s. Let b be (-36 - n)*1/(-2). What is the highest common factor of b and 60?
20
Suppose 3*x - 5*x - 250 = 5*z, -4*x = 4*z + 188. Let y = -38 - z. Suppose 3*p - 74 = -11. What is the greatest common factor of p and y?
7
Suppose -15*y = -17*y + 10. Suppose 0 = -m - 5*d + 52, -3*m = -0*m + y*d - 106. Suppose 242 = w - 55. Calculate the highest common divisor of w and m.
27
Let q be 2 + 22/(-10) + 615/75. Calculate the greatest common divisor of 26 and q.
2
Let g = 524 + -521. Let p(l) = 6*l**2 + l + 2. Let j be p(-2). What is the greatest common divisor of g and j?
3
Let o(z) = 23*z**2 + 7*z - 10. Let y be o(2). Calculate the highest common factor of y and 3.
3
Suppose -5*h - l - 103 = 0, l - 4 = -2*h - 47. Let d be (-664)/(-22) - h/(-110). What is the highest common divisor of d and 40?
10
Suppose 37*w + 8 = 41*w. Let z be (-7)/2*(-2 - 6 - w). What is the highest common factor of 315 and z?
35
Suppose -51 = 14*a - 275. What is the highest common divisor of 1 and a?
1
Let d = 15 + -21. Let v(m) = 4*m**2 - m + 12. Let k be v(d). Let h = -45 + k. What is the highest common factor of h and 13?
13
Let b be -2*3/27 + 3089/9. Suppose 0 = -3*y - 2*a + 155, 23*y - 21*y + 4*a - 114 = 0. Calculate the greatest common divisor of b and y.
49
Let z be (-10)/(-15) + 28/18*33. Let j = 67 - z. What is the highest common factor of 60 and j?
15
Let c(m) = 110*m + 718. Let q be c(-6). What is the highest common divisor of q and 551?
29
Suppose -4*p = -0*p + 4*h - 64, 3*h - 65 = -4*p. Suppose -18*t + 19 = -p*t. What is the greatest common divisor of 95 and t?
19
Let f be 4*(-1 + 6/4). Suppose -126 = -f*w - 16. Suppose -4*d + 126 = 2*j + 3*j, -4 = -d. Calculate the highest common factor of w and j.
11
Let a = 4467 - 4465. Suppose -2*o - 25 + 93 = 0. What is the highest common divisor of a and o?
2
Suppose -3529 = -4*l - 3*b, -5*l + b + 2069 = -2328. Calculate the greatest common factor of l and 165.
55
Suppose -4*z = -0*z - 616. Let p = -73 - -87. Calculate the highest common factor of z and p.
14
Let p = -11 - -25. Suppose -392 = -12*z - 2*z. Calculate the greatest common divisor of z and p.
14
Let u be (-262)/(-4) + (-2)/4. Let f(y) = -y**2 - 12*y - 10. Let z be f(-6). What is the greatest common divisor of u and z?
13
Let m be 14/(-70) - (-6904)/20. Calculate the highest common divisor of 138 and m.
69
Let o(s) = 3*s**2 - 9*s - 16. Let b be o(7). Suppose a - 16 = -3*a - x, 3*a - 3*x - 12 = 0. Calculate the highest common divisor of a and b.
4
Suppose y = 2*w + 9 - 3, -2*y + 48 = 5*w. Calculate the greatest common factor of y and 1442.
14
Suppose 4*t - 3*u = 2*u + 166, -t = 4*u - 31. Let z = -19 + t. Let d(c) = c**2 - 6*c - 8. Let p be d(8). What is the highest common divisor of p and z?
4
Suppose 4*w = 4 + 92. Suppose 14*b = 18*b - 12. What is the greatest common factor of w and b?
3
Let s(g) = 5*g + 38. Let t = 96 + -96. Let z be s(t). What is the hig